 base 3, what is 10 + 1000121102112?
1000121102122
In base 10, what is -1 + -27672?
-27673
In base 2, what is -11111 - -1000110011100?
1000101111101
In base 3, what is 12002120 + -11?
12002102
In base 5, what is 223 + -2232213?
-2231440
In base 12, what is 2 - 1a1b?
-1a19
In base 14, what is 3 + 9494?
9497
In base 13, what is c492 - -9?
c49b
In base 7, what is 0 - -361331?
361331
In base 6, what is -11 + 2330130?
2330115
In base 4, what is 102 - -1231222?
1231330
In base 6, what is -3 + 231045?
231042
In base 15, what is -16 + -179a2?
-179b8
In base 3, what is 11 - -1121110?
1121121
In base 5, what is 1 + -404102?
-404101
In base 10, what is -92 - -55?
-37
In base 16, what is -bea - -12?
-bd8
In base 4, what is -3021110 - 200?
-3021310
In base 12, what is 5 + -143366?
-143361
In base 15, what is 24ba3 - 4?
24b9e
In base 3, what is 110011222 + -1?
110011221
In base 12, what is 1497 - -16b?
1646
In base 12, what is 1b1175 + 0?
1b1175
In base 14, what is -10 - 36?
-46
In base 3, what is 2002 + 22001021?
22010100
In base 15, what is 1 - -8bdc?
8bdd
In base 12, what is -102aa + 1?
-102a9
In base 10, what is -10591 + 44?
-10547
In base 14, what is 4 - -5b26?
5b2a
In base 2, what is -1011011011011 - -100110?
-1011010110101
In base 7, what is 556203 + 21?
556224
In base 10, what is 4 + -8805?
-8801
In base 5, what is -13121 + -13?
-13134
In base 11, what is 140a686 - -4?
140a68a
In base 3, what is -1222020 - -201?
-1221112
In base 11, what is -12 - -74?
62
In base 6, what is 3 - 1450221?
-1450214
In base 10, what is -107 + -691?
-798
In base 8, what is -6 - 751504?
-751512
In base 3, what is 210 + -1102?
-122
In base 11, what is 1 + 2154a?
21550
In base 15, what is -5 + 199?
194
In base 15, what is -21708 + -8?
-21711
In base 12, what is -750 - -4?
-748
In base 2, what is -10101000 + 1000111100?
110010100
In base 16, what is 123 - b?
118
In base 2, what is 11010111101001111 - -100?
11010111101010011
In base 13, what is 151 - 6a15?
-6894
In base 4, what is 20130003 - -2?
20130011
In base 12, what is -114 + 4a4?
390
In base 16, what is -25b7e + 5?
-25b79
In base 7, what is -2343 + 515?
-1525
In base 13, what is 5 - -44acb?
44b03
In base 2, what is -101011100 + -100010011?
-1001101111
In base 15, what is 197c5 + -1?
197c4
In base 13, what is 791 + 81?
842
In base 11, what is -755a8 - -1?
-755a7
In base 10, what is -15 - 4893?
-4908
In base 6, what is -4 - 340255?
-340303
In base 10, what is -35 - -31187?
31152
In base 2, what is 110111101 + 110001?
111101110
In base 13, what is -1b + 3706?
36b8
In base 8, what is 637 + -50?
567
In base 11, what is -233 + 486?
253
In base 7, what is 11126 - 21?
11105
In base 3, what is -10 + -10201211201?
-10201211211
In base 13, what is 2 + 6b84?
6b86
In base 5, what is 2 - 1003400?
-1003343
In base 10, what is 35 - 1201?
-1166
In base 15, what is -84 + -2cd5?
-2d69
In base 3, what is 10001 - -1202001222?
1202012000
In base 3, what is 1222220220100 - 0?
1222220220100
In base 4, what is 1 - 1310013232?
-1310013231
In base 3, what is -2220011 - -2201?
-2210110
In base 11, what is 922aa + -3?
922a7
In base 13, what is 2 + -4b62c?
-4b62a
In base 8, what is -5 - 215?
-222
In base 6, what is 4533151 - -41?
4533232
In base 10, what is -11973 - 3?
-11976
In base 16, what is -22c4 + 1c?
-22a8
In base 13, what is 11214 + 7?
1121b
In base 10, what is -2461 - 28?
-2489
In base 13, what is -84 + 2976?
28c2
In base 5, what is -230144 - 1?
-230200
In base 9, what is -4262377 + -1?
-4262378
In base 16, what is 291 - -5?
296
In base 10, what is 58397 - 15?
58382
In base 8, what is 222242 - -1?
222243
In base 16, what is -2b40f - 14?
-2b423
In base 11, what is 2a7 + 19a5?
21a1
In base 8, what is -1 - -246442?
246441
In base 11, what is 1455663 - -2?
1455665
In base 11, what is -360246 - 1?
-360247
In base 6, what is 142004 - -10?
142014
In base 10, what is 223688 + -9?
223679
In base 12, what is -78b + 115?
-676
In base 2, what is 11 - 11101000001010?
-11101000000111
In base 11, what is 6445 + 18?
6462
In base 10, what is 39 + -232?
-193
In base 4, what is 12123 - -12113?
30302
In base 10, what is 5293 - 19?
5274
In base 5, what is -102421 + 131?
-102240
In base 6, what is -31 + 1302141?
1302110
In base 5, what is 10304432 + -302?
10304130
In base 14, what is -5 - 1a0b5?
-1a0ba
In base 13, what is 5 + 38b1?
38b6
In base 2, what is 11 + -1001111011?
-1001111000
In base 9, what is -47 + -2685?
-2743
In base 13, what is -220 - 16?
-236
In base 8, what is -63342 + -4?
-63346
In base 10, what is -30 - 238?
-268
In base 3, what is -2001122001 - 111?
-2001122112
In base 15, what is 16 - -31d?
334
In base 13, what is 5 + -55077?
-55072
In base 16, what is 2 + -f46?
-f44
In base 5, what is -24323 + 2024?
-22244
In base 6, what is -2 + 211352?
211350
In base 9, what is 64227 + 4?
64232
In base 13, what is -5 + -11143?
-11148
In base 4, what is 3200213 - 213?
3200000
In base 6, what is 2314 - -2210?
4524
In base 15, what is -2438 - -4?
-2434
In base 9, what is 17 + -14851?
-14833
In base 10, what is 1 - -3122?
3123
In base 4, what is -11 + -2310132133?
-2310132210
In base 12, what is 200090 + 5?
200095
In base 15, what is 292 - 1043?
-ca1
In base 11, what is 693809 + 5?
693813
In base 8, what is 1 + 2336745?
2336746
In base 13, what is 9608 - 7?
9601
In base 9, what is 4756753 - -2?
4756755
In base 15, what is -2 + 3db2c?
3db2a
In base 10, what is 0 + -12088?
-12088
In base 12, what is 513 + -a1?
432
In base 7, what is 65 + -10631?
-10533
In base 2, what is -1001010001110 - 10000?
-1001010011110
In base 14, what is 8 - 48b?
-483
In base 3, what is -1022000 - -1210?
-1020020
In base 4, what is -3310300 - 112?
-3311012
In base 5, what is 2232 - 1144?
1033
In base 6, what is 5 - 21440?
-21431
In base 5, what is -11 - -4234423?
4234412
In base 10, what is -615 + -27?
-642
In base 16, what is 1bdd28 + -4?
1bdd24
In base 3, what is 10202 - 22022?
-11120
In base 16, what is -27bc1 - 1?
-27bc2
In base 14, what is -1046 - 6?
-104c
In base 13, what is 0 - 2987?
-2987
In base 6, what is 1444544 - 2?
1444542
In base 8, what is 1 - -616657?
616660
In base 6, what is 34441 + -1253?
33144
In base 11, what is -43515 - -4?
-43511
In base 15, what is 2 + -d107?
-d105
In base 8, what is -7337 + -2?
-7341
In base 14, what is 59271 - 3?
5926c
In base 8, what is 14 + -1447?
-1433
In base 4, what is -23 - -313003?
312320
In base 9, what is -872058 - 3?
-872062
In base 2, what is 110010000 + 100000011111?
100110101111
In base 14, what is a0a3 + 1?
a0a4
In base 5, what is 100101330 - -3?
100101333
In base 16, what is -3 + 82d35?
82d32
In base 4, what is -10010 + 3230120?
3220110
In base 3, what is 12 - 1101111122?
-1101111110
In base 14, what is -7 - 46ab9?
-46ac2
In base 12, what is -4 + -271119?
-271121
In base 9, what is -11 - -156605?
156584
In base 4, what is -111211 + -1213?
-113030
In base 12, what is 12 - -638?
64a
In base 10, what is -3 - 23029?
-23032
In base 4, what is 11 - -30200020?
30200031
In base 9, what is 8638 + 0?
8638
In base 2, what is -10 - -10010010000010100010?
10010010000010100000
In base 10, what is 461282 - -1?
461283
In base 12, what is 10030 - 198?
ba54
In base 2, what is 10010100010011101 + 11?
10010100010100000
In base 10, what is 737193 - 4?
737189
In base 13, what is 67901 + -3?
678cb
In base 3, what is -10002101101022 - 12?
-10002101101111
In base 13, what is 437c + -cb?
4281
In base 12, what is -237 - 163?
-39a
In base 5, what is -3244 - -2411?
-333
In base 5, what is -113323 + -32?
-113410
In base 15, what is -3 - 1653?
-1656
In base 6, what is 4 + -20202410?
-20202402
In base 13, what is -268b + -6?
-2694
In base 16, what is 847 - a?
83d
In base 8, what is -5270 + 3137?
-2131
In base 11, what is -26 + 1150?
1125
In base 7, what is -1005503 - 102?
-1005605
In base 11, what is -858 - -38?
-820
In base 15, what is 179c12 + -2?
179c10
In base 7, what is -464 - -516?
22
In base 11, what is 1 + 21843?
21844
In base 15, what is 64133 + -2?
64131
In base 12, what is -6 + 3166?
3160
In base 15, what is 0 - -10d0?
10d0
In base 8, what is -3240777 - 5?
-3241004
In base 10, what is 1272 + -91?
1181
In base 14, what is 3354 + 0?
3354
In base 8, what is 1 - 5763460?
-5763457
In base 13, what is -199 - -6a9?
510
In base 11, what is 2 + -12901?
-12